{"id":424,"date":"2023-03-14T12:01:26","date_gmt":"2023-03-14T12:01:26","guid":{"rendered":"https:\/\/jorgeandreu.net\/?page_id=424"},"modified":"2023-03-17T16:45:03","modified_gmt":"2023-03-17T16:45:03","slug":"testamento-contra-el-olvido-2022","status":"publish","type":"page","link":"https:\/\/jorgeandreu.net\/?page_id=424","title":{"rendered":"Testamento contra el olvido (2022)"},"content":{"rendered":"\t\t<div data-elementor-type=\"wp-page\" data-elementor-id=\"424\" class=\"elementor elementor-424\">\n\t\t\t\t\t\t\t\t\t<section class=\"elementor-section elementor-top-section elementor-element elementor-element-7393d45c elementor-section-content-top elementor-section-boxed elementor-section-height-default elementor-section-height-default\" data-id=\"7393d45c\" data-element_type=\"section\">\n\t\t\t\t\t\t<div class=\"elementor-container elementor-column-gap-default\">\n\t\t\t\t\t<div class=\"elementor-column elementor-col-100 elementor-top-column elementor-element elementor-element-4c194f3\" data-id=\"4c194f3\" data-element_type=\"column\">\n\t\t\t<div class=\"elementor-widget-wrap elementor-element-populated\">\n\t\t\t\t\t\t\t\t<div class=\"elementor-element elementor-element-4ea64af elementor-widget elementor-widget-heading\" data-id=\"4ea64af\" data-element_type=\"widget\" data-widget_type=\"heading.default\">\n\t\t\t\t<div class=\"elementor-widget-container\">\n\t\t\t<style>\/*! elementor - v3.11.4 - 12-03-2023 *\/\n.elementor-heading-title{padding:0;margin:0;line-height:1}.elementor-widget-heading .elementor-heading-title[class*=elementor-size-]>a{color:inherit;font-size:inherit;line-height:inherit}.elementor-widget-heading .elementor-heading-title.elementor-size-small{font-size:15px}.elementor-widget-heading .elementor-heading-title.elementor-size-medium{font-size:19px}.elementor-widget-heading .elementor-heading-title.elementor-size-large{font-size:29px}.elementor-widget-heading .elementor-heading-title.elementor-size-xl{font-size:39px}.elementor-widget-heading .elementor-heading-title.elementor-size-xxl{font-size:59px}<\/style><h2 class=\"elementor-heading-title elementor-size-default\">Testamento contra el olvido<\/h2>\t\t<\/div>\n\t\t\t\t<\/div>\n\t\t\t\t\t<\/div>\n\t\t<\/div>\n\t\t\t\t\t\t\t<\/div>\n\t\t<\/section>\n\t\t\t\t<section class=\"elementor-section elementor-top-section elementor-element elementor-element-ae4dcd1 elementor-section-boxed elementor-section-height-default elementor-section-height-default\" data-id=\"ae4dcd1\" data-element_type=\"section\">\n\t\t\t\t\t\t<div class=\"elementor-container elementor-column-gap-default\">\n\t\t\t\t\t<div class=\"elementor-column elementor-col-100 elementor-top-column elementor-element elementor-element-77b6f09\" data-id=\"77b6f09\" data-element_type=\"column\">\n\t\t\t<div class=\"elementor-widget-wrap elementor-element-populated\">\n\t\t\t\t\t\t\t\t<div class=\"elementor-element elementor-element-6681edc elementor-widget elementor-widget-text-editor\" data-id=\"6681edc\" data-element_type=\"widget\" data-widget_type=\"text-editor.default\">\n\t\t\t\t<div class=\"elementor-widget-container\">\n\t\t\t<style>\/*! elementor - v3.11.4 - 12-03-2023 *\/\n.elementor-widget-text-editor.elementor-drop-cap-view-stacked .elementor-drop-cap{background-color:#818a91;color:#fff}.elementor-widget-text-editor.elementor-drop-cap-view-framed .elementor-drop-cap{color:#818a91;border:3px solid;background-color:transparent}.elementor-widget-text-editor:not(.elementor-drop-cap-view-default) .elementor-drop-cap{margin-top:8px}.elementor-widget-text-editor:not(.elementor-drop-cap-view-default) .elementor-drop-cap-letter{width:1em;height:1em}.elementor-widget-text-editor .elementor-drop-cap{float:left;text-align:center;line-height:1;font-size:50px}.elementor-widget-text-editor .elementor-drop-cap-letter{display:inline-block}<\/style>\t\t\t\t<p style=\"text-align: justify;\"><a href=\"https:\/\/www.iberaediciones.com\/librariaonline\/p\/testamento-contra-el-olvido\"><img loading=\"lazy\" decoding=\"async\" class=\"size-medium wp-image-119 alignright\" src=\"https:\/\/jorgeandreu.net\/wp-content\/uploads\/2023\/03\/CapaEbookTestamentocontraelolvido-191x300.jpg\" alt=\"\" width=\"191\" height=\"300\" srcset=\"https:\/\/jorgeandreu.net\/wp-content\/uploads\/2023\/03\/CapaEbookTestamentocontraelolvido-191x300.jpg 191w, https:\/\/jorgeandreu.net\/wp-content\/uploads\/2023\/03\/CapaEbookTestamentocontraelolvido.jpg 500w\" sizes=\"auto, (max-width: 191px) 100vw, 191px\" \/><\/a>La muerte del poeta Lorenzo Rey en el a\u00f1o 2016 suscita un extraordinario inter\u00e9s para los cr\u00edticos literarios del momento, que despu\u00e9s de conocer la noticia deciden emprender un estudio minucioso de su obra y extraer los motivos personales que llevaron a su producci\u00f3n. Para ello un grupo de cr\u00edticos, profesores, amigos y disc\u00edpulos del llorado poeta, as\u00ed como su propia hija, se embarcan en este proyecto que lleva como t\u00edtulo\u00a0<em>Testamento contra el olvido<\/em>\u00a0en honor al \u00faltimo poema escrito momentos antes de esa muerte, en el que ped\u00eda que no se olvidara su nombre.<\/p><p style=\"text-align: justify;\">El resultado es una edici\u00f3n cr\u00edtica colectiva de sus obras completas en la que los textos l\u00edricos apoyan las an\u00e9cdotas y los comentarios cr\u00edticos despejan las dudas de interpretaci\u00f3n de cada verso, en una espiral metaliteraria donde realidad y ficci\u00f3n se entrecruzan hasta formar las dos caras de una moneda: la educaci\u00f3n sentimental de un hombre que fue todos por sus lecturas y su particular visi\u00f3n de la realidad, persuadido de la fantas\u00eda de ser poeta pese a todo.<\/p><p style=\"text-align: justify;\">Despu\u00e9s de su obra po\u00e9tica,\u00a0<em>Testamento contra el olvido<\/em>\u00a0(2022) es la primera novela de Jorge Andreu. Una obra sint\u00e9tica compuesta por un engranaje literario particular, donde la narrativa se mezcla con el ensayo filol\u00f3gico y la poes\u00eda. En esta novela en relatos, cuyos cap\u00edtulos se pueden leer deliberadamente seg\u00fan los intereses del lector sin que por ello se pierda el hilo argumental, el autor nos propone una reflexi\u00f3n metaliteraria al mismo tiempo que cuenta la historia de un hombre singular, representaci\u00f3n de la ambici\u00f3n art\u00edstica y v\u00edctima de su propio desvelo. Una novela sobre el olvido de los poetas m\u00e1s emblem\u00e1ticos y, sin embargo, condenados a la sombra.<\/p>\t\t\t\t\t\t<\/div>\n\t\t\t\t<\/div>\n\t\t\t\t\t<\/div>\n\t\t<\/div>\n\t\t\t\t\t\t\t<\/div>\n\t\t<\/section>\n\t\t\t\t<section class=\"elementor-section elementor-top-section elementor-element elementor-element-eed86dd elementor-section-boxed elementor-section-height-default elementor-section-height-default\" data-id=\"eed86dd\" data-element_type=\"section\">\n\t\t\t\t\t\t<div class=\"elementor-container elementor-column-gap-default\">\n\t\t\t\t\t<div class=\"elementor-column elementor-col-100 elementor-top-column elementor-element elementor-element-c61efd9\" data-id=\"c61efd9\" data-element_type=\"column\">\n\t\t\t<div class=\"elementor-widget-wrap elementor-element-populated\">\n\t\t\t\t\t\t\t\t<div class=\"elementor-element elementor-element-527b441 elementor-widget elementor-widget-text-editor\" data-id=\"527b441\" data-element_type=\"widget\" data-widget_type=\"text-editor.default\">\n\t\t\t\t<div class=\"elementor-widget-container\">\n\t\t\t\t\t\t\t<p style=\"text-align: justify;\">Si quieres adquirir este libro y no lo encuentras en librer\u00edas, escribe un email a <strong>contacto@jorgeandreu.net<\/strong> indicando tu nombre y direcci\u00f3n. \u00a1Te lo enviaremos a domicilio con dedicatoria del autor!<\/p>\t\t\t\t\t\t<\/div>\n\t\t\t\t<\/div>\n\t\t\t\t\t<\/div>\n\t\t<\/div>\n\t\t\t\t\t\t\t<\/div>\n\t\t<\/section>\n\t\t\t\t<section class=\"elementor-section elementor-top-section elementor-element elementor-element-c01b072 elementor-section-boxed elementor-section-height-default elementor-section-height-default\" data-id=\"c01b072\" data-element_type=\"section\">\n\t\t\t\t\t\t<div class=\"elementor-container elementor-column-gap-default\">\n\t\t\t\t\t<div class=\"elementor-column elementor-col-100 elementor-top-column elementor-element elementor-element-8a4e5e3\" data-id=\"8a4e5e3\" data-element_type=\"column\">\n\t\t\t<div class=\"elementor-widget-wrap elementor-element-populated\">\n\t\t\t\t\t\t\t\t<div class=\"elementor-element elementor-element-714af49 elementor-widget elementor-widget-video\" data-id=\"714af49\" data-element_type=\"widget\" data-settings=\"{&quot;video_type&quot;:&quot;hosted&quot;,&quot;controls&quot;:&quot;yes&quot;}\" data-widget_type=\"video.default\">\n\t\t\t\t<div class=\"elementor-widget-container\">\n\t\t\t<style>\/*! elementor - v3.11.4 - 12-03-2023 *\/\n.elementor-widget-video .elementor-widget-container{overflow:hidden;transform:translateZ(0)}.elementor-widget-video .elementor-wrapper iframe,.elementor-widget-video .elementor-wrapper video{height:100%;width:100%;display:flex;border:none;background-color:#000}.elementor-widget-video .elementor-open-inline .elementor-custom-embed-image-overlay{position:absolute;top:0;left:0;width:100%;height:100%;background-size:cover;background-position:50%}.elementor-widget-video .elementor-custom-embed-image-overlay{cursor:pointer;text-align:center}.elementor-widget-video .elementor-custom-embed-image-overlay:hover .elementor-custom-embed-play i{opacity:1}.elementor-widget-video .elementor-custom-embed-image-overlay img{display:block;width:100%}.elementor-widget-video .e-hosted-video .elementor-video{-o-object-fit:cover;object-fit:cover}.e-con-inner>.elementor-widget-video,.e-con>.elementor-widget-video{width:var(--container-widget-width);--flex-grow:var(--container-widget-flex-grow)}<\/style>\t\t<div class=\"e-hosted-video elementor-wrapper elementor-open-inline\">\n\t\t\t\t\t<video class=\"elementor-video\" src=\"https:\/\/jorgeandreu.net\/wp-content\/uploads\/2023\/03\/Testamento-contra-el-olvido.mp4\" controls=\"\" preload=\"metadata\" controlsList=\"nodownload\"><\/video>\n\t\t\t\t<\/div>\n\t\t\t\t<\/div>\n\t\t\t\t<\/div>\n\t\t\t\t\t<\/div>\n\t\t<\/div>\n\t\t\t\t\t\t\t<\/div>\n\t\t<\/section>\n\t\t\t\t\t\t\t<\/div>\n\t\t","protected":false},"excerpt":{"rendered":"<p>Testamento contra el olvido La muerte del poeta Lorenzo Rey en el a\u00f1o 2016 suscita un extraordinario inter\u00e9s para los cr\u00edticos literarios del momento, que despu\u00e9s de conocer la noticia deciden emprender un estudio minucioso de su obra y extraer los motivos personales que llevaron a su producci\u00f3n. Para ello un grupo de cr\u00edticos, profesores, [&hellip;]<\/p>\n","protected":false},"author":1,"featured_media":0,"parent":0,"menu_order":0,"comment_status":"closed","ping_status":"closed","template":"","meta":{"_mi_skip_tracking":false,"footnotes":""},"class_list":["post-424","page","type-page","status-publish","hentry"],"_links":{"self":[{"href":"https:\/\/jorgeandreu.net\/index.php?rest_route=\/wp\/v2\/pages\/424","targetHints":{"allow":["GET"]}}],"collection":[{"href":"https:\/\/jorgeandreu.net\/index.php?rest_route=\/wp\/v2\/pages"}],"about":[{"href":"https:\/\/jorgeandreu.net\/index.php?rest_route=\/wp\/v2\/types\/page"}],"author":[{"embeddable":true,"href":"https:\/\/jorgeandreu.net\/index.php?rest_route=\/wp\/v2\/users\/1"}],"replies":[{"embeddable":true,"href":"https:\/\/jorgeandreu.net\/index.php?rest_route=%2Fwp%2Fv2%2Fcomments&post=424"}],"version-history":[{"count":21,"href":"https:\/\/jorgeandreu.net\/index.php?rest_route=\/wp\/v2\/pages\/424\/revisions"}],"predecessor-version":[{"id":820,"href":"https:\/\/jorgeandreu.net\/index.php?rest_route=\/wp\/v2\/pages\/424\/revisions\/820"}],"wp:attachment":[{"href":"https:\/\/jorgeandreu.net\/index.php?rest_route=%2Fwp%2Fv2%2Fmedia&parent=424"}],"curies":[{"name":"wp","href":"https:\/\/api.w.org\/{rel}","templated":true}]}}