{"id":745,"date":"2023-03-15T18:20:47","date_gmt":"2023-03-15T18:20:47","guid":{"rendered":"https:\/\/jorgeandreu.net\/?page_id=745"},"modified":"2023-03-17T11:03:01","modified_gmt":"2023-03-17T11:03:01","slug":"la-mirada-afonica-2016-2","status":"publish","type":"page","link":"https:\/\/jorgeandreu.net\/?page_id=745","title":{"rendered":"La mirada af\u00f3nica (2016)"},"content":{"rendered":"\t\t<div data-elementor-type=\"wp-page\" data-elementor-id=\"745\" class=\"elementor elementor-745\">\n\t\t\t\t\t\t\t\t\t<section class=\"elementor-section elementor-top-section elementor-element elementor-element-49791f0 elementor-section-boxed elementor-section-height-default elementor-section-height-default\" data-id=\"49791f0\" data-element_type=\"section\">\n\t\t\t\t\t\t<div class=\"elementor-container elementor-column-gap-default\">\n\t\t\t\t\t<div class=\"elementor-column elementor-col-100 elementor-top-column elementor-element elementor-element-4a3ada2\" data-id=\"4a3ada2\" data-element_type=\"column\">\n\t\t\t<div class=\"elementor-widget-wrap elementor-element-populated\">\n\t\t\t\t\t\t\t\t<div class=\"elementor-element elementor-element-b896b98 elementor-widget elementor-widget-heading\" data-id=\"b896b98\" data-element_type=\"widget\" data-widget_type=\"heading.default\">\n\t\t\t\t<div class=\"elementor-widget-container\">\n\t\t\t<style>\/*! elementor - v3.11.4 - 12-03-2023 *\/\n.elementor-heading-title{padding:0;margin:0;line-height:1}.elementor-widget-heading .elementor-heading-title[class*=elementor-size-]>a{color:inherit;font-size:inherit;line-height:inherit}.elementor-widget-heading .elementor-heading-title.elementor-size-small{font-size:15px}.elementor-widget-heading .elementor-heading-title.elementor-size-medium{font-size:19px}.elementor-widget-heading .elementor-heading-title.elementor-size-large{font-size:29px}.elementor-widget-heading .elementor-heading-title.elementor-size-xl{font-size:39px}.elementor-widget-heading .elementor-heading-title.elementor-size-xxl{font-size:59px}<\/style><h2 class=\"elementor-heading-title elementor-size-default\">La mirada af\u00f3nica<\/h2>\t\t<\/div>\n\t\t\t\t<\/div>\n\t\t\t\t\t<\/div>\n\t\t<\/div>\n\t\t\t\t\t\t\t<\/div>\n\t\t<\/section>\n\t\t\t\t<section class=\"elementor-section elementor-top-section elementor-element elementor-element-250c9a3 elementor-section-boxed elementor-section-height-default elementor-section-height-default\" data-id=\"250c9a3\" data-element_type=\"section\">\n\t\t\t\t\t\t<div class=\"elementor-container elementor-column-gap-default\">\n\t\t\t\t\t<div class=\"elementor-column elementor-col-100 elementor-top-column elementor-element elementor-element-d58c94e\" data-id=\"d58c94e\" data-element_type=\"column\">\n\t\t\t<div class=\"elementor-widget-wrap elementor-element-populated\">\n\t\t\t\t\t\t\t\t<div class=\"elementor-element elementor-element-a3becd6 elementor-widget elementor-widget-text-editor\" data-id=\"a3becd6\" data-element_type=\"widget\" data-widget_type=\"text-editor.default\">\n\t\t\t\t<div class=\"elementor-widget-container\">\n\t\t\t<style>\/*! elementor - v3.11.4 - 12-03-2023 *\/\n.elementor-widget-text-editor.elementor-drop-cap-view-stacked .elementor-drop-cap{background-color:#818a91;color:#fff}.elementor-widget-text-editor.elementor-drop-cap-view-framed .elementor-drop-cap{color:#818a91;border:3px solid;background-color:transparent}.elementor-widget-text-editor:not(.elementor-drop-cap-view-default) .elementor-drop-cap{margin-top:8px}.elementor-widget-text-editor:not(.elementor-drop-cap-view-default) .elementor-drop-cap-letter{width:1em;height:1em}.elementor-widget-text-editor .elementor-drop-cap{float:left;text-align:center;line-height:1;font-size:50px}.elementor-widget-text-editor .elementor-drop-cap-letter{display:inline-block}<\/style>\t\t\t\t<p style=\"text-align: justify;\"><a href=\"https:\/\/www.edicionesenhuida.es\/producto\/la-mirada-afonica\/\"><img loading=\"lazy\" decoding=\"async\" class=\"size-medium wp-image-550 alignright\" src=\"https:\/\/jorgeandreu.net\/wp-content\/uploads\/2023\/03\/MAf-PORTADA-1-212x300.png\" alt=\"\" width=\"212\" height=\"300\" srcset=\"https:\/\/jorgeandreu.net\/wp-content\/uploads\/2023\/03\/MAf-PORTADA-1-212x300.png 212w, https:\/\/jorgeandreu.net\/wp-content\/uploads\/2023\/03\/MAf-PORTADA-1.png 709w\" sizes=\"auto, (max-width: 212px) 100vw, 212px\" \/><\/a>En la trayectoria literaria de Jorge Andreu, <em>La mirada af\u00f3nica<\/em> (2016) constituye un cambio de tono po\u00e9tico y de tem\u00e1tica. Considerado por el autor su mayor acierto po\u00e9tico hasta la fecha, ofrece una lectura del mundo actual filtrada por una mirada que siente el dolor ajeno como propio. Desde una visi\u00f3n inicial en que el sujeto po\u00e9tico se desdobla en la imagen de un escritor observada desde fuera, el libro se sumerge en tres etapas como el o\u00eddo que se oculta bajo el agua y cada vez oye menos del exterior, hasta el momento final en que el desdoble sale a relucir desde la otra cara.\u00a0<\/p><p style=\"text-align: justify;\">En este poemario donde el verso libre ha ganado terreno a las formas cl\u00e1sicas de los libros anteriores, Jorge Andreu nos propone una forma de cantar a la realidad sucia de nuestro tiempo a trav\u00e9s de los ojos doloridos de alguien que observa las consecuencias de la deshumanizaci\u00f3n social.\u00a0<\/p>\t\t\t\t\t\t<\/div>\n\t\t\t\t<\/div>\n\t\t\t\t\t<\/div>\n\t\t<\/div>\n\t\t\t\t\t\t\t<\/div>\n\t\t<\/section>\n\t\t\t\t<section class=\"elementor-section elementor-top-section elementor-element elementor-element-a1026fd elementor-section-boxed elementor-section-height-default elementor-section-height-default\" data-id=\"a1026fd\" data-element_type=\"section\">\n\t\t\t\t\t\t<div class=\"elementor-container elementor-column-gap-default\">\n\t\t\t\t\t<div class=\"elementor-column elementor-col-100 elementor-top-column elementor-element elementor-element-4b6c1ac\" data-id=\"4b6c1ac\" data-element_type=\"column\">\n\t\t\t<div class=\"elementor-widget-wrap elementor-element-populated\">\n\t\t\t\t\t\t\t\t<div class=\"elementor-element elementor-element-8d812b1 elementor-widget elementor-widget-text-editor\" data-id=\"8d812b1\" data-element_type=\"widget\" data-widget_type=\"text-editor.default\">\n\t\t\t\t<div class=\"elementor-widget-container\">\n\t\t\t\t\t\t\t<p style=\"text-align: justify;\">Si quieres adquirir este libro y no lo encuentras en librer\u00edas, escribe un email a <strong>contacto@jorgeandreu.net<\/strong> indicando tu nombre y direcci\u00f3n. \u00a1Te lo enviaremos a domicilio con dedicatoria del autor!<\/p>\t\t\t\t\t\t<\/div>\n\t\t\t\t<\/div>\n\t\t\t\t\t<\/div>\n\t\t<\/div>\n\t\t\t\t\t\t\t<\/div>\n\t\t<\/section>\n\t\t\t\t<section class=\"elementor-section elementor-top-section elementor-element elementor-element-82b982b elementor-section-boxed elementor-section-height-default elementor-section-height-default\" data-id=\"82b982b\" data-element_type=\"section\">\n\t\t\t\t\t\t<div class=\"elementor-container elementor-column-gap-default\">\n\t\t\t\t\t<div class=\"elementor-column elementor-col-50 elementor-top-column elementor-element elementor-element-6c9262f\" data-id=\"6c9262f\" data-element_type=\"column\">\n\t\t\t<div class=\"elementor-widget-wrap elementor-element-populated\">\n\t\t\t\t\t\t\t\t<div class=\"elementor-element elementor-element-f079c8d elementor-widget elementor-widget-text-editor\" data-id=\"f079c8d\" data-element_type=\"widget\" data-widget_type=\"text-editor.default\">\n\t\t\t\t<div class=\"elementor-widget-container\">\n\t\t\t\t\t\t\t<p style=\"text-align: center;\"><strong>EL SECRETO<\/strong><\/p><p style=\"text-align: left;\">Os contar\u00e9 un secreto:<br \/>el hombre este que escribe,<br \/>el hombre que abandona sus esfuerzos por dormir,<br \/>el que ahuyenta la sombra de s\u00ed mismo<br \/>bajo una luz el\u00e1stica<br \/>que lo convenza de su caligraf\u00eda,<br \/>este hombre no soy yo.<\/p><p style=\"text-align: left;\">Yo s\u00e9 que le fascina la belleza,<br \/>que se oculta detr\u00e1s de su inventiva,<br \/>que quiere pronunciarse y no hacer da\u00f1o<br \/>porque le duelen los dem\u00e1s.<br \/>Y s\u00e9 que en sus insomnios hay bostezos<br \/>como tambi\u00e9n hay brillo en su piel p\u00e1lida.<br \/>No s\u00e9 sus sentimientos, poco importan.<\/p><p style=\"text-align: left;\">Miradlo: ah\u00ed sentado frente al grifo<br \/>de un termo de caf\u00e9. Tienen sus manos <br \/>ese temblor absurdo de la noche<br \/>que nos asalta si hemos de escribir<br \/>nuestra mejor idea antes de que se esfume.<\/p><p style=\"text-align: left;\">Fijaos, en eso<br \/>creo que me parezco a este se\u00f1or.<\/p><p style=\"text-align: left;\">Pero es casualidad: a m\u00ed me gusta<br \/>el lento trasnochar de los chavales,<br \/>con su risa insistente y su mo\u00f1a coartada.<br \/>Me gustan los sudores del gimnasio,<br \/>la atroz velocidad de los ciclistas,<br \/>las m\u00e1quinas de tr\u00edceps (ese extra\u00f1o prodigio,<br \/>no s\u00e9 decir si de escultura o de ingenieros,<br \/>con esos cuernos que las acercan a la pol\u00edtica),<br \/>me gusta navegar por el parqu\u00e9<br \/>sin pensar en la letra que me describe.<\/p><p style=\"text-align: left;\">Son tantas cosas<br \/>en las que no nos parecemos.<\/p><p style=\"text-align: left;\">Porque \u00e9l es un artista y yo un cenutrio.<\/p><p style=\"text-align: left;\">Y mientras \u00e9l se rompe la mollera<br \/>tratando de escribir,<br \/>yo lo observo escondido tras la luz,<br \/>bebiendo una isot\u00f3nica.<\/p><p>\u00a0<\/p><p style=\"text-align: center;\"><strong>LAS CAMPANAS<\/strong><\/p><p style=\"text-align: left;\">Est\u00e1n tocando a misa y yo no me lo creo.<\/p><p style=\"text-align: left;\">Su canto rueda alegre por la torre, <br \/>gotas de sol sonoras <br \/>que se descuelgan poco a poco <br \/>sobre la inmensa coronilla <br \/>de los fieles. Viejas de enaguas negras <br \/>con bolso carpetero. Maridos conducidos <br \/>por las cadenas del santo sacramento. <br \/>Y alg\u00fan devoto solitario <br \/>bajo el ardor plomizo de la tarde.<\/p><p style=\"text-align: left;\">Una muchacha pasa.<br \/>Se ajusta el pantal\u00f3n al bordearme: <br \/>creer\u00e1 que estoy mirando sus contornos, <br \/>pero no tengo m\u00e1s o\u00eddos <br \/>que los que encuadran el La reiterado, <br \/>continuo nexo entre el aire y la tierra. <br \/>Su afable pirueta rotativa <br \/>atrae la atenci\u00f3n de unos chavales <br \/>que me acompa\u00f1an en el gusto <br \/>por la m\u00fasica rota del badajo.<\/p><p style=\"text-align: left;\">Parecer\u00e1 verdad y yo no me lo creo.<\/p><p style=\"text-align: left;\">La m\u00fasica insistente que convence a la masa <br \/>y abrasa su perfume colectivo, <br \/>el murmullo com\u00fan, palabras compartidas <br \/>sin un sentido exacto <br \/>sino el de la mentira sofocada.<\/p><p style=\"text-align: left;\">Emite la campana su \u00faltima voltereta <br \/>y el aire recupera su entereza tupida. <br \/>La plaza de la iglesia vuelve a ser <br \/>el terreno del mundo <br \/>donde los hombres se aniquilan <br \/>y se aman como hermanos.<\/p><p style=\"text-align: left;\">M\u00e1s pronto ya que tarde tocar\u00e1n <br \/>a muerto con la misma peripecia. <br \/>Y no me lo creer\u00e9.<\/p><p style=\"text-align: left;\">Este circo de leones <br \/>y candelabros macizos <br \/>que brillan por la ausencia de quien manda.<\/p><p>\u00a0<\/p><p style=\"text-align: left;\"><strong>DOS PERSONAJES EN BUSCA DE AUTOR<\/strong><\/p><p style=\"text-align: left;\">Hay dos desconocidos <br \/>en las mesas dispersas de un caf\u00e9.<\/p><p style=\"text-align: left;\">\u00c9l observa perplejo <br \/>las manchas del vestido, que pronuncian <br \/>su figura en espera, <br \/>los m\u00fasculos del hombro al aire libre, <br \/>morenos, con lunares <br \/>y la tersura agradecida al fresco, <br \/>sus ojos entrevistos <br \/>al otro lado de un mech\u00f3n.<br \/>Sue\u00f1a con verla sonre\u00edr <br \/>y que ese gesto sea <br \/>el principio de todo.<br \/>Ella ignora<br \/>que con un poco de trabajo <br \/>muy pronto rozar\u00e1 la eternidad, <br \/>y mientras tanto juguetea <br \/>con el tel\u00e9fono, con el az\u00facar, <br \/>sin sospechar que unos ojos la esp\u00edan.<\/p><p style=\"text-align: left;\">Jam\u00e1s conocer\u00e1n un beso \u00edntimo, <br \/>por muy hermoso que pudiera ser.<\/p><p style=\"text-align: left;\">En el amor <br \/>las \u00fanicas historias que funcionan <br \/>son las que no se ven en las pel\u00edculas.<\/p>\t\t\t\t\t\t<\/div>\n\t\t\t\t<\/div>\n\t\t\t\t\t<\/div>\n\t\t<\/div>\n\t\t\t\t<div class=\"elementor-column elementor-col-50 elementor-top-column elementor-element elementor-element-4105760\" data-id=\"4105760\" data-element_type=\"column\">\n\t\t\t<div class=\"elementor-widget-wrap elementor-element-populated\">\n\t\t\t\t\t\t\t\t<div class=\"elementor-element elementor-element-192eb45 elementor-widget elementor-widget-text-editor\" data-id=\"192eb45\" data-element_type=\"widget\" data-widget_type=\"text-editor.default\">\n\t\t\t\t<div class=\"elementor-widget-container\">\n\t\t\t\t\t\t\t<p style=\"text-align: center;\"><strong>LAS ILUSIONES PERDIDAS<\/strong><\/p><p style=\"text-align: left;\">He perdido la claridad del llanto <br \/>que azotaba las noches con su p\u00farpura, <br \/>la estrecha soledad del escritorio <br \/>donde hac\u00edan el amor las estrofas.<\/p><p style=\"text-align: left;\">He perdido <br \/>la angustia consonante de mis pasos, <br \/>el rastro de mi voz ante el espejo, <br \/>mi cara enrojecida de preguntar qui\u00e9n soy <br \/>y qu\u00e9 hago en este verso, ocupando una plaza <br \/>que no he sacado por oposici\u00f3n <br \/>sino por intrusismo.<\/p><p style=\"text-align: left;\">He perdido tambi\u00e9n <br \/>la m\u00fasica del aire en mis o\u00eddos <br \/>silbando una canci\u00f3n de amor <br \/>para que baile con las hojas ca\u00eddas de los \u00e1rboles.<\/p><p style=\"text-align: left;\">El eco de los juegos infantiles <br \/>que ocupaban las tardes con sus horas tranquilas <br \/>a la sombra de un limonero.<\/p><p style=\"text-align: left;\">Todo aquello que compuso la pieza <br \/>que suena en mi memoria cuando el silencio oprime <br \/>las pesta\u00f1as, aquello <br \/>que la vida nos dio para ser fuertes <br \/>y que nos quita poco a poco, <br \/>aquellas cosas <br \/>se me han perdido en el trayecto <br \/>desde mi casa hasta la tuya, <br \/>como el beso que se evapora <br \/>despu\u00e9s del viaje <br \/>y del que ya no queda en labio ajeno <br \/>ni un rastro de saliva.<\/p><p style=\"text-align: left;\">Todo eso lo he perdido.<\/p><p style=\"text-align: left;\">Y no me queda la palabra <br \/>porque hasta el verbo se ha desconjugado, <br \/>o descongestionado, que es lo mismo, <br \/>de tanto repetirse.<\/p><p style=\"text-align: left;\">Dejad pasar las horas <br \/>para que vengan nuevas ilusiones <br \/>que pronto se habr\u00e1n ido <br \/>sin remedio.<\/p><p>\u00a0<\/p><p style=\"text-align: center;\"><strong>FAUSTO<\/strong><\/p><p style=\"text-align: left;\">Vender tu arma al diablo <br \/>para que te recargue la munici\u00f3n torcida <br \/>de tu nefasto empe\u00f1o en ser poeta.<\/p><p style=\"text-align: left;\">Otros ver\u00e1n de ti <br \/>a un tipo melenudo con bigote, <br \/>con barba de tres d\u00edas trasnochados, <br \/>con ojos que desv\u00edan la mirada <br \/>buscando originalidad.<\/p><p style=\"text-align: left;\">Pero tu imagen es la misma, <br \/>id\u00e9ntico fantasma cotidiano, <br \/>que intenta presentarse ante el espejo <br \/>con fingida modestia <br \/>para causar buena impresi\u00f3n, <br \/>la camisa de un color elegante, <br \/>no vayan a identificar <br \/>tu ideolog\u00eda <br \/>y se vean afectadas <br \/>las condiciones de la empresa.<\/p><p style=\"text-align: left;\">Demonio t\u00fa de calma y sumisi\u00f3n <br \/>bajo la fuerza irresistible <br \/>de un puesto temporal.<\/p><p style=\"text-align: left;\">Y mientras tanto, tu palabra herida <br \/>por no tener un m\u00edsero adjetivo <br \/>que llevarse a la boca.<\/p><p style=\"text-align: left;\">La vida era m\u00e1s dura que tus versos.<\/p><p style=\"text-align: left;\">Y ahora que te arrastran tus pisadas hambrientas <br \/>por el campo de tiro que lleva a la oficina, <br \/>descubres en la masa informe <br \/>de tu abrigo, donde ni un solo l\u00e1piz <br \/>te ayudar\u00e1 a dejar tu huella,<br \/>que no te quedan balas,<br \/>que se oxid\u00f3 la punta del rev\u00f3lver.<\/p><p style=\"text-align: left;\">Tu derrota es una cl\u00e1usula m\u00e1s <br \/>en el contrato.<\/p>\t\t\t\t\t\t<\/div>\n\t\t\t\t<\/div>\n\t\t\t\t\t<\/div>\n\t\t<\/div>\n\t\t\t\t\t\t\t<\/div>\n\t\t<\/section>\n\t\t\t\t\t\t\t<\/div>\n\t\t","protected":false},"excerpt":{"rendered":"<p>La mirada af\u00f3nica En la trayectoria literaria de Jorge Andreu, La mirada af\u00f3nica (2016) constituye un cambio de tono po\u00e9tico y de tem\u00e1tica. Considerado por el autor su mayor acierto po\u00e9tico hasta la fecha, ofrece una lectura del mundo actual filtrada por una mirada que siente el dolor ajeno como propio. Desde una visi\u00f3n inicial [&hellip;]<\/p>\n","protected":false},"author":1,"featured_media":0,"parent":0,"menu_order":0,"comment_status":"closed","ping_status":"closed","template":"","meta":{"_mi_skip_tracking":false,"footnotes":""},"class_list":["post-745","page","type-page","status-publish","hentry"],"_links":{"self":[{"href":"https:\/\/jorgeandreu.net\/index.php?rest_route=\/wp\/v2\/pages\/745","targetHints":{"allow":["GET"]}}],"collection":[{"href":"https:\/\/jorgeandreu.net\/index.php?rest_route=\/wp\/v2\/pages"}],"about":[{"href":"https:\/\/jorgeandreu.net\/index.php?rest_route=\/wp\/v2\/types\/page"}],"author":[{"embeddable":true,"href":"https:\/\/jorgeandreu.net\/index.php?rest_route=\/wp\/v2\/users\/1"}],"replies":[{"embeddable":true,"href":"https:\/\/jorgeandreu.net\/index.php?rest_route=%2Fwp%2Fv2%2Fcomments&post=745"}],"version-history":[{"count":13,"href":"https:\/\/jorgeandreu.net\/index.php?rest_route=\/wp\/v2\/pages\/745\/revisions"}],"predecessor-version":[{"id":806,"href":"https:\/\/jorgeandreu.net\/index.php?rest_route=\/wp\/v2\/pages\/745\/revisions\/806"}],"wp:attachment":[{"href":"https:\/\/jorgeandreu.net\/index.php?rest_route=%2Fwp%2Fv2%2Fmedia&parent=745"}],"curies":[{"name":"wp","href":"https:\/\/api.w.org\/{rel}","templated":true}]}}